est common divisor of 41534 and 17404?
38
What is the greatest common factor of 2679958 and 431?
431
Calculate the highest common factor of 2700 and 12983220.
540
Calculate the highest common factor of 2225 and 988796675.
2225
Calculate the highest common divisor of 1233814 and 214002.
2642
What is the greatest common divisor of 85555802 and 2?
2
Calculate the greatest common divisor of 16688678 and 24102.
206
What is the highest common factor of 221 and 75528960?
221
What is the highest common divisor of 25292046 and 497?
71
Calculate the highest common factor of 910 and 13131720.
70
What is the greatest common factor of 84131754 and 6888?
1722
What is the greatest common divisor of 10 and 34521750?
10
What is the highest common divisor of 46430032 and 14346?
1594
What is the greatest common factor of 1751354 and 506?
22
Calculate the highest common divisor of 261884348 and 3036.
1012
What is the highest common factor of 9232 and 2133995264?
9232
What is the highest common factor of 728574 and 252?
42
Calculate the highest common divisor of 36 and 94306548.
12
Calculate the greatest common divisor of 12318615 and 3.
3
Calculate the highest common divisor of 117645897 and 69.
69
What is the greatest common factor of 24895312 and 104?
104
What is the highest common factor of 368 and 45821?
1
Calculate the highest common divisor of 1759604 and 1100.
44
Calculate the greatest common factor of 2155416 and 168.
24
Calculate the highest common factor of 17249 and 11787673.
367
What is the greatest common factor of 1145196 and 522?
18
What is the highest common divisor of 1214606 and 32?
2
What is the highest common factor of 5568 and 1869312?
192
Calculate the highest common divisor of 2349 and 14567283.
81
Calculate the highest common factor of 1144 and 94997936.
88
Calculate the highest common divisor of 7702740 and 540.
180
Calculate the highest common divisor of 36455 and 78946948.
7291
What is the greatest common divisor of 4390035 and 16765?
2395
Calculate the highest common factor of 60 and 2265108.
12
Calculate the greatest common factor of 71168 and 58112.
256
What is the greatest common divisor of 4832 and 13472?
32
Calculate the greatest common divisor of 533930 and 8266820.
1070
Calculate the greatest common divisor of 1003 and 4685302.
17
Calculate the highest common divisor of 1019952 and 405.
81
What is the greatest common factor of 508251048 and 96?
24
What is the highest common divisor of 243425 and 129815?
35
What is the greatest common divisor of 12552562 and 102?
34
Calculate the highest common divisor of 183 and 945101243.
61
Calculate the highest common divisor of 4508 and 168299740.
644
What is the highest common factor of 360 and 15181780?
20
Calculate the greatest common factor of 90214 and 4697422.
2098
What is the highest common divisor of 8849502 and 18?
18
What is the greatest common factor of 8326605 and 135?
15
What is the greatest common factor of 13933782 and 2754?
162
Calculate the highest common factor of 96 and 108645504.
96
Calculate the greatest common factor of 15533948 and 44820.
332
What is the greatest common divisor of 12922 and 570934?
182
Calculate the highest common factor of 9906 and 1035682206.
9906
Calculate the highest common factor of 18 and 1280618181.
9
Calculate the greatest common factor of 274 and 22161257.
137
Calculate the greatest common factor of 38818 and 2626187.
1493
What is the highest common divisor of 4625 and 1295875?
125
What is the highest common factor of 5 and 13470235?
5
Calculate the greatest common factor of 56 and 34329344.
56
What is the greatest common divisor of 8710 and 3316950?
130
What is the greatest common divisor of 3177 and 143568?
9
Calculate the greatest common divisor of 1072 and 28403444.
268
Calculate the greatest common divisor of 21498 and 944313982.
7166
Calculate the highest common divisor of 1673637 and 210.
21
What is the highest common divisor of 431952 and 12432?
48
Calculate the greatest common factor of 6650 and 45373615.
665
Calculate the highest common factor of 83 and 173601223.
83
What is the highest common divisor of 776 and 41262248?
776
What is the highest common factor of 336 and 3769605?
21
Calculate the greatest common divisor of 38621817 and 27.
9
What is the greatest common divisor of 8965 and 322300715?
8965
Calculate the highest common divisor of 220122 and 63.
63
Calculate the greatest common divisor of 6040 and 3117910.
10
What is the highest common factor of 164 and 127346?
82
What is the greatest common factor of 57635 and 1975?
5
What is the greatest common factor of 7280 and 268580?
260
Calculate the greatest common divisor of 50750 and 922250.
1750
What is the greatest common factor of 151658 and 115102?
494
Calculate the greatest common divisor of 34748 and 75508426.
1022
What is the greatest common divisor of 64510 and 61830?
10
Calculate the highest common factor of 81652212 and 162.
162
Calculate the greatest common divisor of 1134 and 228792.
6
Calculate the greatest common factor of 81448152 and 644.
92
What is the highest common factor of 208 and 11630762?
26
What is the highest common factor of 5313111 and 402129?
1473
What is the greatest common factor of 32158 and 436142?
14
Calculate the highest common factor of 2288 and 3738878.
286
What is the greatest common divisor of 955875 and 125?
125
Calculate the highest common divisor of 3955908 and 4209.
69
Calculate the greatest common factor of 2009728230 and 57.
57
What is the highest common divisor of 1270 and 923417?
127
Calculate the greatest common factor of 153581468 and 17.
17
Calculate the greatest common factor of 51 and 21983601.
51
What is the highest common divisor of 64356 and 475404?
2076
Calculate the highest common divisor of 703 and 131225495.
703
Calculate the greatest common divisor of 114256 and 74000.
592
Calculate the highest common divisor of 147629 and 38.
1
Calculate the highest common factor of 11971381 and 230817.
1637
What is the highest common factor of 63 and 3372?
3
What is the greatest common factor of 145 and 3282916?
29
What is the greatest common divisor of 6690496 and 321?
107
Calculate the greatest common divisor of 161216 and 50512.
176
What is the highest common divisor of 386 and 456497303?
193
What is the greatest common divisor of 20862660 and 15?
15
What is the highest common divisor of 19005 and 30975?
105
Calculate the greatest common divisor of 9 and 12297438.
9
Calculate the highest common divisor of 796 and 28828732.
796
Calculate the greatest common factor of 62 and 189986600.
62
Calculate the greatest common divisor of 1608 and 8969223.
201
What is the greatest common factor of 76 and 8278433?
19
What is the greatest common divisor of 79275 and 623175?
525
What is the highest common divisor of 106033176 and 16?
8
Calculate the highest common divisor of 68912 and 99002.
118
Calculate the highest common divisor of 1171627 and 4819.
61
Calculate the highest common divisor of 48535520 and 8.
8
What is the highest common divisor of 38569413 and 115?
23
What is the highest common factor of 485 and 12900127?
97
Calculate the greatest common factor of 82636870 and 60.
10
What is the highest common factor of 15219 and 327978?
171
What is the highest common divisor of 879669 and 777?
21
What is the highest common divisor of 9095262 and 5016?
1254
What is the greatest common divisor of 435402 and 288684?
594
Calculate the highest common divisor of 5850 and 8795250.
450
What is the greatest common factor of 97150 and 4350?
1450
Calculate the greatest common divisor of 324679 and 78843.
41
What is the highest common divisor of 42384518 and 22?
22
Calculate the highest common factor of 8580657 and 909.
303
Calculate the highest common factor of 914 and 26064.
2
Calculate the highest common divisor of 3704844 and 28356.
204
Calculate the highest common factor of 1697 and 6726908.
1697
What is the greatest common factor of 571411 and 623573?
2371
Calculate the highest common factor of 9119 and 3745410394.
9119
What is the greatest common factor of 9415 and 18515?
35
What is the highest common divisor of 81809 and 2644083?
403
What is the highest common factor of 622 and 30482?
2
What is the highest common factor of 95625 and 8667?
9
Wh